base 12, what is -137 - -2?
-135
In base 11, what is -11aa + -1?
-1200
In base 2, what is 10010 + 111001?
1001011
In base 6, what is -1 - -420?
415
In base 8, what is -237 + -4?
-243
In base 10, what is -3 - 7688?
-7691
In base 14, what is 3b9 - -1?
3ba
In base 11, what is 58 - 3?
55
In base 12, what is -16 + 34b?
335
In base 3, what is -21202 + -2?
-21211
In base 3, what is -12 - 102211020?
-102211102
In base 4, what is 131 - 1331?
-1200
In base 11, what is 13411 - 2?
1340a
In base 11, what is 0 + -14?
-14
In base 3, what is -11 - -100022?
100011
In base 2, what is 101110 + -100?
101010
In base 9, what is -345 + -12?
-357
In base 8, what is 204 - 4?
200
In base 15, what is -1ebc - -3?
-1eb9
In base 6, what is -5 - 123?
-132
In base 8, what is -1 + 25?
24
In base 5, what is 3 - 143?
-140
In base 2, what is 11010000010 - -100?
11010000110
In base 9, what is 72 + -2?
70
In base 11, what is -217 + 3?
-214
In base 6, what is -30 - 402?
-432
In base 9, what is -4 + 1135?
1131
In base 9, what is -321 - 111?
-432
In base 13, what is -119 - 0?
-119
In base 2, what is 11 - 0?
11
In base 6, what is -101 + 24?
-33
In base 11, what is -74 + -6?
-7a
In base 3, what is -22 - -20112?
20020
In base 10, what is -30232 + 4?
-30228
In base 9, what is 26 - -26?
53
In base 13, what is 2 - 40?
-3b
In base 16, what is 4b + -4?
47
In base 16, what is 2 + 13?
15
In base 6, what is -15522 - -3?
-15515
In base 6, what is -4345 + 0?
-4345
In base 13, what is 1 - -61?
62
In base 6, what is 5 + 10?
15
In base 10, what is -3 - 3407?
-3410
In base 5, what is 110114 - 4?
110110
In base 10, what is 20 - -7?
27
In base 3, what is -20121100 + 2?
-20121021
In base 7, what is -15 - -121?
103
In base 10, what is 5 - 4?
1
In base 10, what is -3 + 529?
526
In base 7, what is 650 + 4?
654
In base 6, what is 2 + -50033?
-50031
In base 16, what is -c9 - -2?
-c7
In base 15, what is 3 - -23d?
241
In base 12, what is 49 - 54?
-7
In base 8, what is -553 + -3?
-556
In base 10, what is -66 + -8?
-74
In base 2, what is -11110101 + 0?
-11110101
In base 13, what is -786 + 8?
-77b
In base 4, what is -221012 + 3?
-221003
In base 7, what is -3 + 151?
145
In base 8, what is -5 + 64?
57
In base 7, what is 5040 - 12?
5025
In base 8, what is 0 - -10?
10
In base 16, what is 4f7 + 2?
4f9
In base 10, what is 5 + 973?
978
In base 2, what is 1111001 - 0?
1111001
In base 9, what is 5 + 101?
106
In base 9, what is 5 - 60?
-54
In base 6, what is 2 + 25?
31
In base 13, what is 212 + -7?
208
In base 5, what is -4 - -101432?
101423
In base 16, what is -8 - -8?
0
In base 12, what is -5 - -21?
18
In base 7, what is -13 - -1101?
1055
In base 6, what is 54 + 35?
133
In base 13, what is 164 - 8?
159
In base 2, what is 111 - 101110101?
-101101110
In base 7, what is 36 - 16?
20
In base 5, what is 14310 + -10?
14300
In base 9, what is -153 - -20?
-133
In base 5, what is 114 + 4?
123
In base 16, what is 184 + 5?
189
In base 14, what is -13 + -13?
-26
In base 13, what is -4 - -497?
493
In base 5, what is 300 + 0?
300
In base 4, what is 11 - -1130311?
1130322
In base 13, what is 15 - 19?
-4
In base 10, what is 234 - -21?
255
In base 12, what is b1 + -5?
a8
In base 10, what is 1276 + 0?
1276
In base 8, what is -10 + -122?
-132
In base 11, what is -5 + a3a?
a35
In base 15, what is -cb0 + -5?
-cb5
In base 7, what is 13 - 6?
4
In base 16, what is 48 - -1?
49
In base 3, what is -22021 - 1002?
-100100
In base 11, what is -2 - -37?
35
In base 4, what is 32012 + 10?
32022
In base 13, what is 5 + -88?
-83
In base 13, what is -5 - -1c4?
1bc
In base 4, what is 10 - -220?
230
In base 7, what is 2432 + 5?
2440
In base 6, what is -321 - -1?
-320
In base 2, what is -111001 + -100?
-111101
In base 3, what is 122 + -11000?
-10101
In base 3, what is 10001210 - 11?
10001122
In base 3, what is 21 - -21221221?
21222012
In base 7, what is 3042 + -3?
3036
In base 6, what is -1220 + -4?
-1224
In base 12, what is 39 + -4?
35
In base 14, what is -2016 + -1?
-2017
In base 3, what is -211 + -1022?
-2010
In base 2, what is 11011011 - 110?
11010101
In base 7, what is -10 - -645?
635
In base 10, what is 2 + 558?
560
In base 10, what is 3 + 48?
51
In base 6, what is 5 - -140?
145
In base 9, what is -47 + -3?
-51
In base 2, what is 1000010011101 - -10?
1000010011111
In base 14, what is -2 + 703?
701
In base 3, what is -12122122 + 11?
-12122111
In base 2, what is -1011101 - 10111010?
-100010111
In base 6, what is 1 - -114?
115
In base 5, what is 13 + 2?
20
In base 4, what is 1 - 202?
-201
In base 4, what is 2103 - 0?
2103
In base 16, what is 2a - 1c?
e
In base 16, what is 288e - 0?
288e
In base 6, what is 10 + -22?
-12
In base 8, what is 1 - -676?
677
In base 3, what is -10 + 1021001?
1020221
In base 6, what is 3 + 342?
345
In base 3, what is 1 + -1220?
-1212
In base 14, what is -2 + 14?
12
In base 11, what is -739 - 5?
-743
In base 3, what is -100 + -2?
-102
In base 4, what is 1 + -201123?
-201122
In base 3, what is -2012010 - 11?
-2012021
In base 5, what is -10 + -242?
-302
In base 7, what is 0 - 341?
-341
In base 4, what is 1100 - 2?
1032
In base 3, what is -1020021 + -2?
-1020100
In base 15, what is -5 - 412?
-417
In base 8, what is 4 - 50?
-44
In base 15, what is -57 + -1?
-58
In base 9, what is 478 + -2?
476
In base 12, what is 3 + 129?
130
In base 8, what is 140 - 63?
55
In base 9, what is 20 + 1406?
1426
In base 12, what is 1924 + -5?
191b
In base 8, what is -3 + -2046?
-2051
In base 11, what is -3 + 1979?
1976
In base 13, what is -3 - -24?
21
In base 13, what is -48 + -5?
-50
In base 4, what is 2 + -323?
-321
In base 2, what is 1010 - -101101?
110111
In base 16, what is -72 + -5?
-77
In base 12, what is -1b - 163?
-182
In base 5, what is 140 - 4?
131
In base 14, what is cd + 4?
d3
In base 13, what is -4 - -c?
8
In base 11, what is 310a - 4?
3106
In base 12, what is -a0 - -6?
-96
In base 5, what is 4 + 1223?
1232
In base 10, what is 4 - 444?
-440
In base 2, what is -1110001011 + 1?
-1110001010
In base 13, what is -4ab + b?
-4a0
In base 2, what is 0 + -1010101?
-1010101
In base 5, what is -424 - -12?
-412
In base 16, what is -4d - -13?
-3a
In base 12, what is -101 - -1?
-100
In base 2, what is 10 - 110100?
-110010
In base 2, what is -100110001 + -10?
-100110011
In base 9, what is -68 - 1?
-70
In base 12, what is b - -5a?
69
In base 14, what is 1 + -1c?
-1b
In base 3, what is 20120002 - -1?
20120010
In base 15, what is 13b5 - -1?
13b6
In base 15, what is 0 + 18a?
18a
In base 9, what is 428 + -15?
413
In base 9, what is -6 - 5?
-12
In base 9, what is 11 - 66?
-55
In base 14, what is -2 + 176d?
176b
In base 9, what is -1240 - 3?
-1243
In base 8, what is 12542 - 3?
12537
In base 5, what is 424 + -30?
344
In base 7, what is -110 - -26?
-51
In base 14, what is -90 - 4?
-94
In base 15, what is d6 + 0?
d6
In base 7, what is 1 + -146?
-145
In base 10, what is 12065 - 1?
12064
In base 15, what is 2c1 - -29?
2ea
In base 4, what is 11 + -2020133?
-2020122
In base 2, what is -100 + 11001?
10101
In base 15, what is 0 - -1082?
1082
In base 16, what is 1e - -11?
2f
In base 9, what is -41 - 8?
-50
In base 8, what is 41 + 54?
115
In base 5, what is -120 + -24?
-144
In base 16, what is 1aaf - 2?
1aad
In base 3, what is 122210 - 11?
122122
In base 13, what is 176 - 5?
171
In base 2, what is 1010111 + 10?
1011001
In base 5, what is -10 - 1402?
-1412
In base 8, what is 565 + -2?
563
In base 16, what is 300 + e?
30e
In base 14, what is -5b + 5?
-56
In base 7, what is 21634 - 1?
21633
In base 15, what is -6 - -3c?
36
In base 4, what is 2 - 3131?
-3123
In base 16, what is -2 + e5?
e3
In base 14, what is -1 - 63?
-64
In base 3, what is 2211 + 2?
2220
In base 9, what is 6 - 2817?
-2811
In base 3, what is 2 - -2022?
2101
In base 6, what is -440 - 10?
-450
In base 12, what is 65 - -2?
67
In base 13, what is -2 + -2155?
-2157
In base 9, what is 23524 - -2?
23526
In base 9, what is 7 + 2708?
2716
In base 13, what is -2 - -1a8?
1a6
In base 16, what is -289 - 5?
-28e
In base 5, what is -20044 - -2?
-20042
In base 8, what is 14 - 35?
-21
In base 14, what is 1 + 1c?
1d
In base 4, what is 3321 + 0?
3321
In base 6, what is -5443 + 2?
-5441
In base 3, what is -11 + 11200?
11112
In base 11, what is 2 + 12?
14
In base 9, what is -5 - 35?
-41
In base 3, what is -1200201 - 10?
-1200211
